. Let i = -112 - u. What are the prime factors of i?
89
Suppose 5*l - 13259 = 5*m - 47004, 0 = -5*l + 10. What are the prime factors of m?
43, 157
Let h = 42 + -36. Let f be h/33 + 7947/33. Suppose -4*c - 5 = -2*v + f, -3*v - 4*c + 379 = 0. What are the prime factors of v?
5
Let w(n) = 1141*n - 2117. List the prime factors of w(8).
3, 19, 41
Suppose 3*i = 12, -x + 2329 = -2*i + 106. List the prime factors of x.
23, 97
Let i be (-1 + -2 - -2)/((-2)/4). Let d be -10*i*(-1)/4. Suppose j = d - 1. What are the prime factors of j?
2
Suppose -2*t - 947 = -5*s, -2*s - 3*t = 2*s - 776. List the prime factors of 355/71*1*s.
5, 191
Let c(v) be the second derivative of -41*v**3/6 + 13*v**2/2 - 6*v. Let b be c(-4). Suppose 3*m + 3*q = b, -4 = q - 2. List the prime factors of m.
61
Let g(p) = 19*p**2 - 3*p - 1. Let o(j) = j**3 - 3*j**2 - 6*j + 4. Let s be o(4). What are the prime factors of g(s)?
3, 5, 7
Let w be (1666/3 - 2) + 12/18. Let r = w - 332. Let t = r + -91. What are the prime factors of t?
131
Let m(q) = 30*q**2 - 24*q + 3. Let r be m(9). Suppose 0 = -5*x - d + r, -4*x - 3*d + 2108 = 330. What are the prime factors of x?
443
Suppose 4*d = 5*h + 227090, 3*h = 2750 - 2744. List the prime factors of d.
3, 5, 757
Suppose -n - 3*n = -24. Suppose 3*g = k + 11, g = n*g - 4*k - 9. Suppose s + 7 = g*p - 3, 0 = -4*p + 16. List the prime factors of s.
2, 5
Suppose 0 = 5*w + 4*y - 84612, 21666 = 2*w - 3*y - 12211. What are the prime factors of w?
2, 23
Let f(t) = 2 - t + 24*t**2 - 28*t**2 - 312*t**3 + 1 - 1. List the prime factors of f(-1).
311
Let r(t) = t + 12. Let n be r(-15). What are the prime factors of (95 - (-2 - n))*(-1)/(-2)?
47
Let k be 597 + 4*2/(-12)*3. Let o = k + -415. What are the prime factors of o - 8 - (5 + -1)?
2, 3, 7
Suppose 0 = 24*u - 14*u - 30. Suppose 2768 = 2*j - 4*a, j - 4*a = -u*j + 5532. List the prime factors of j.
2, 691
List the prime factors of (-1)/(15/(-179499)) + (-12)/(-30) - 2.
5, 2393
Let a be 68/(2/(-5) - 72/(-80)). Suppose -j - 5*x + a = 0, 6*x - 7*x + 464 = 3*j. What are the prime factors of j?
2, 3, 13
What are the prime factors of (-2)/17 + ((-42)/3)/(68/(-103720))?
2, 3, 3559
Let x(a) = 44*a**2 - a - 10*a**2 - 143 + 13*a**2 + 228 + 21*a. What are the prime factors of x(-6)?
1657
Let k = 22232 + -11920. What are the prime factors of k?
2, 1289
Suppose 6*i = -2*i + 152. Suppose -63 = 16*j - i*j. Suppose 17*x = j*x - 260. List the prime factors of x.
5, 13
Suppose 0 = 96*r - 100*r + 20. Suppose -m - r*z = -78, -z + 0 = -2. What are the prime factors of m?
2, 17
Let y = -10579 - -18998. What are the prime factors of y?
8419
Let b = -164 + 152. Suppose -w + 4*m = -6, -4*w - w + 30 = 5*m. What are the prime factors of (w/(-21))/(-1) + b/(-7)?
2
Let s(f) = -4*f + 36. Let v(h) = h - 7. Let z be v(15). Let u be 6*(-4)/z - 5. List the prime factors of s(u).
2, 17
Let t(o) = 74*o. Let n be t(11). Let q = n + -359. What are the prime factors of q?
5, 7, 13
Let s = 26167 + -8478. List the prime factors of s.
7, 19
Suppose 21*j = 3*g + 23*j - 28153, -4 = -2*j. What are the prime factors of g?
11, 853
Suppose -29*x + 92969 - 16733 = -161999. List the prime factors of x.
5, 31, 53
Let f = -409 - -696. Suppose -278*u + f*u - 5220 = 0. What are the prime factors of u?
2, 5, 29
Let w(x) = 18*x**3 + 2*x**2 + 6*x + 8. Let a be w(-3). Let k = 369 - a. List the prime factors of k.
7, 11
Suppose -619 = -g + 5*m, 3*g - 3*m + m = 1922. What are the prime factors of g?
2, 7, 23
Let a(l) = -488*l - 3891. List the prime factors of a(-13).
11, 223
Suppose 7*n + 0*n = 1001. Suppose n = -z + 715. Suppose -6*b + z - 8 = 0. What are the prime factors of b?
2, 47
Suppose 2*j = -8 + 52. Suppose 96*k - 98*k = -j. List the prime factors of k.
11
Suppose -7*o = 13*o - 280. Let k(w) = w**2 + 10*w - 33. What are the prime factors of k(o)?
3, 101
Let g(q) = 27*q**2 + 37*q - 188. List the prime factors of g(-19).
2, 3, 41
What are the prime factors of -137906*(-1)/2 + -3 + 2?
2, 3, 13, 17
Let i(b) = 3*b**2 + 13*b. Let l be i(-7). Let m = l - 74. List the prime factors of m/(-8)*312/9.
2, 3, 13
Suppose 2*r + 1892 + 17676 = 2*t, 4*t - 39136 = 2*r. List the prime factors of t.
2, 1223
Suppose -41464 - 28304 = -9*y. What are the prime factors of y?
2, 3, 17, 19
Let i(g) = g**2 - 5*g + 5. Let o be i(6). Suppose -11*l - 119 + 361 = 0. Suppose -3*n - 3*h + 76 - l = 0, -2*n + o = -3*h. List the prime factors of n.
13
Let f be -142 + (1 - 0 - -2) + 0. Let n = -83 - f. Suppose 0 = -9*w + w + n. What are the prime factors of w?
7
Suppose 0 = -3*w + x + 99, 0 = -12*w + 9*w - 4*x + 114. Suppose 15*c + 6213 = w*c. What are the prime factors of c?
3, 109
What are the prime factors of (46598/138)/((-1)/(-6)) - 2/(-2)?
2027
Suppose 3*b + 84 = -0*b. Let g = 36 + b. List the prime factors of (-2)/g - (-2)/(16/1090).
2, 17
Let y(d) be the second derivative of 1/2*d**3 - 2*d + 0 - 10*d**2 + 1/6*d**4. List the prime factors of y(-7).
3, 19
Let s be 39/1*6/(-36)*4. Let u = s - -33. Suppose 1596 = 7*c + u*c. List the prime factors of c.
2, 3, 19
Let j = -692 - -753. List the prime factors of j.
61
Suppose 534893 = -46*u + 1112639 + 767846. What are the prime factors of u?
2, 71, 103
Suppose 5*x - 8987 = n, -4*x + 1945 = -3*n - 5249. Suppose 19616 = 23*h - x. List the prime factors of h.
7, 19
Let q(w) = 13*w**2 - 112*w + 102. What are the prime factors of q(33)?
3, 7, 503
Let z(x) = x + 39. Let p be -42*(-3 + (-40)/(-12)). Let k be z(p). Suppose 5*b = -k, -7*q + 2*b = -8*q + 158. What are the prime factors of q?
2, 3, 7
Let p = -9396 + 11399. What are the prime factors of p?
2003
Let f = 10819 + -6025. Let n = -3086 + f. What are the prime factors of n?
2, 7, 61
Let j = 166 - 36. Suppose 2*h - 4*y = -896, -2*h - j = 4*y + 734. Let b = -267 - h. What are the prime factors of b?
173
Let b = -2 - -6. Let i(r) = -r**3 - 11*r**2 + 2. Let t be i(-11). Suppose -a + 57 = -b*x, -4*a + t*x = -321 + 65. What are the prime factors of a?
5, 13
Suppose -s - 8 = 4*q, 4*s + 0 = -5*q - 10. Suppose -2*g - 119 + 605 = s. What are the prime factors of g?
3
Suppose 0 = 12*n - 1539 - 2133. Suppose -7*a - n + 2014 = 0. Suppose -a - 141 = -7*s. List the prime factors of s.
5, 11
Let p be ((-81)/(-54))/(-1 - (-5)/8). Let v be (0 - -355)*p/(-4). Suppose 2*u - b = 225, -212 = -5*u - 2*b + v. List the prime factors of u.
113
Suppose 0 = -5*l - 30, -18*l + 132167 = 5*u - 20*l. List the prime factors of u.
26431
Let t(g) = -g**2 + 12*g + 13. Let k be t(9). Suppose k*z - 14634 = 22*z. What are the prime factors of z?
3, 271
Suppose -25*o + 50*o - 11*o - 960904 = 0. List the prime factors of o.
2, 17159
Let i(f) = 1864*f + 2839. List the prime factors of i(5).
3, 7, 193
Suppose 4*t + 3*i - 161 = 0, 0 = 2*t - t + 2*i - 34. Suppose 0 = -l + 55 + t. Let y = 218 - l. List the prime factors of y.
7, 17
Suppose -22*g = -29*g + 21. Suppose -g*r + 3*s + 150 = -219, -618 = -5*r + 2*s. What are the prime factors of r?
2, 31
Suppose 3*y = -3*o + 141210, -11*y + 10*y - 2*o + 47070 = 0. What are the prime factors of y?
2, 3, 5, 523
Let s(z) be the second derivative of 175*z**3/6 + 109*z**2/2 - 56*z. What are the prime factors of s(8)?
3, 503
Let g be (-1 + (-5)/(-3))/((-88)/(-264)). Suppose 1176 = 3*d + 2*a, -d - g*a + 323 + 65 = 0. What are the prime factors of d?
2, 197
Let x = -123 + 148. List the prime factors of (x + -3)*(195/6 + -2).
11, 61
Let k be (-8536)/33 + (-6)/(-9). List the prime factors of (-4)/(3 + (0 - (-777)/k)).
2, 43
Let w(c) = -36*c**2 - 10*c + 21. Let b be w(12). List the prime factors of (-3)/(-21) - b/63.
2, 3, 7
Suppose 2*o + 1 = q - 0, -o = -5*q + 14. What are the prime factors of (o/(-3))/(27/(-11097))?
137
Let f = -226 + -10. Let q = 349 + f. List the prime factors of q.
113
Suppose -5*k = -2*r - 1810, -5*r + 15 = 40. Let l = -121 + k. What are the prime factors of l?
239
Suppose 20*m - 22*m + 4064 = 0. Suppose -280 + m = 8*b. What are the prime factors of b?
3, 73
Let y(x) = 13*x**2 + 40*x - 231. List the prime factors of y(-43).
2, 3, 409
Let c(f) = -f**3 + 15*f**2 - 12*f - 23. Let d be c(14). Let j = -3 + 3. Suppose -d*p + 22 + 80 = -m, j = -p + 4*m + 28. What are the prime factors of p?
2, 5
Let c = -47 + 62. Let i = 18 - c. Let p(k) = 5*k**3 - 3*k**2 + 6*k - 5. What are the prime factor